. Let y be a(7). List the prime factors of (y/1 - 18)/(-1).
2, 3
Let p = -43 - -244. List the prime factors of p.
3, 67
Let x be -1 + (-32)/3*-6. Let t = x + -40. What are the prime factors of t?
23
Let a(s) = -s**3 - 7*s**2 - 3*s - 1. Let w be a(-7). Suppose -4*f - w = 0, -5 = g - 2*f - 17. What are the prime factors of g?
2
Suppose 4*s = 2*w + w + 38, -33 = 3*w - 3*s. Let g = 12 + w. List the prime factors of 1 + g + (-4)/(-2).
3
Suppose -t - x = -4*t + 290, 4*t - 384 = 2*x. What are the prime factors of t?
2, 7
Suppose 2*b = -3*z - 51 + 132, 5*z = -b + 23. Suppose 0 = 5*s - 2*s - b. List the prime factors of s.
2
Let r(s) = s**3 - s + 0*s**3 + 1 - 4*s**2 + 5*s**2. Let j be r(2). Suppose 2*t = 3*t - j. What are the prime factors of t?
11
Let l(m) = -m**3 + 6*m**2 - 4*m - 2. Let b(j) be the third derivative of -j**5/60 + j**4/3 - j**3/3 - 2*j**2. Let x be b(7). What are the prime factors of l(x)?
3
Suppose v - 4*x - 6 = 0, -v - v - 4*x = 0. Suppose -5*k + s + 205 = 0, -2*s = -v*k + k + 32. What are the prime factors of k?
2, 3, 7
Suppose -3*y + 10 = 1. Suppose -5*w + 3*b + 420 = 8*b, 0 = -w + 3*b + 68. Suppose w = 2*m + y*m + 4*f, -65 = -2*m + 5*f. List the prime factors of m.
2, 5
Let d be 2/((4/6)/2). Let u(c) = 2*c + c + 3*c + 6 - 7*c**2 + c**3. What are the prime factors of u(d)?
2, 3
Suppose 5*l - 3*o + 4 = 0, 2*l + 2*o - 1 - 7 = 0. Let i = l + 15. What are the prime factors of i?
2
Suppose -2*u = y + 3*u - 14, 5*y - u = -34. What are the prime factors of y*5/((-15)/12)?
2, 3
Suppose m + 2*f = 67, 4*f = 2*m - f - 134. What are the prime factors of m?
67
Let n be -1 - (-1 - -3) - -1. Let q = 11 - n. List the prime factors of q.
13
Let w = 2 - -1. Suppose 0 = -2*x - w*r + 70, 13 = x + 4*r - 8*r. List the prime factors of x.
29
Let z = 11 - 7. Suppose 3*y - z = 5. What are the prime factors of y?
3
Let s(q) = -q**3 + 8*q**2 + 10*q + 9. Let x be 8/12 + 50/6. What are the prime factors of s(x)?
2, 3
Suppose 3*t = 3*x + 6, -7*x - t + 2 = -5*x. Let l = 25 - 16. Suppose x = -3*k + 4*k - l. What are the prime factors of k?
3
Let s = 0 - -1. Let f(z) = 5*z**3 + z. What are the prime factors of f(s)?
2, 3
Suppose -412 = -4*s - 0*s. What are the prime factors of s?
103
Let p = 75 + 48. List the prime factors of p.
3, 41
Suppose -11*y + 8*y + 177 = 0. List the prime factors of y.
59
Let m = 5 + 5. Let i = 25 - m. What are the prime factors of i?
3, 5
Let q(v) = 42*v**3 - v**2 + 3*v - 2. What are the prime factors of q(1)?
2, 3, 7
Suppose -4*w - 40 = w. Let r be (-73)/4 - 2/w. What are the prime factors of 2*1/(-2)*r?
2, 3
Let a be 258/33 + 10/55. Suppose -6*k + a*k = 20. List the prime factors of k.
2, 5
Let h(s) be the second derivative of -s**5/20 + s**4/3 + s**3/3 - s**2/2 - 8*s. Let l = -1 - 1. What are the prime factors of h(l)?
19
List the prime factors of (400/56)/(3/21).
2, 5
Let g(k) = k**3 + 16*k**2 + 9*k + 31. List the prime factors of g(-14).
3, 11
Let o = 116 + 15. What are the prime factors of o?
131
Let o(x) = 3*x - 2*x**2 - 2 + x - x**3 + 3. Let w be o(-3). What are the prime factors of w/4*2 - -13?
2, 3
Let r(j) = -5*j - 1. Let c be r(-1). Suppose -g - 48 = -c*g. What are the prime factors of g?
2
Let b(r) = -r**2 + 6*r - 6. Suppose 4*u = 5*u - 2*a + 1, -5*u + 70 = 5*a. Suppose u + 11 = 5*g. What are the prime factors of b(g)?
2
Suppose 5*t - k - 390 = -6*k, 232 = 3*t + 5*k. Suppose 0 = 4*g - t - 17. What are the prime factors of g?
2, 3
Let s(p) = 4*p - 15. Let g(f) = f. Let r(x) = 5*g(x) - s(x). List the prime factors of r(7).
2, 11
Let v = -189 - -507. What are the prime factors of v?
2, 3, 53
Let i = -4 - -4. Let z(n) = n + 3. Let p be z(i). Suppose w = -p*w + 8. List the prime factors of w.
2
Let o be (-224)/(-10) + (-6)/(-10). Let k = -10 + o. What are the prime factors of k?
13
Suppose -5*t = -4*t + 5*d - 104, -5*t - 5*d = -520. List the prime factors of t.
2, 13
Suppose 0*q - 48 = q. Let o = 75 + q. List the prime factors of o.
3
Let k be (-1)/((-176)/58 + 3). Let y = -17 + k. What are the prime factors of y?
2, 3
Let m(o) = o**3 - 4*o**2 + 3*o + 2. Let p be m(3). Suppose k = -5*f - 1, 2*k = -p*f + 7 + 23. What are the prime factors of k?
19
Suppose 480 = 5*y + 5*r, 0 = -5*y - 2*r - 26 + 512. What are the prime factors of y?
2, 7
Let j = 18 + -11. Suppose 6*a = j*a - 4. What are the prime factors of a?
2
Let l(i) = -i**3 - 10*i**2 - 8*i + 1. Let w be l(-9). List the prime factors of 24 + w + 4 + 3.
23
List the prime factors of (-96)/(-9)*258/8.
2, 43
Suppose -4*d - 12 = 5*v, 0*v + 14 = -3*d - 5*v. Let m = d + 8. What are the prime factors of m?
2, 5
List the prime factors of (-4)/(-4 + 3) - -38.
2, 3, 7
Suppose x = -3*i + 40, x - 3*i = -i + 25. List the prime factors of x.
31
Suppose u + 7*u = 1856. What are the prime factors of u?
2, 29
Let y(k) be the third derivative of k**4/4 + 2*k**3/3 - 5*k**2. List the prime factors of y(4).
2, 7
Suppose 3*k - 812 - 67 = 0. List the prime factors of k.
293
Let l(z) = 3 + 1 - 3 - 3 + 7*z. Suppose -1 = 2*h - 5. List the prime factors of l(h).
2, 3
Suppose 0 = -w + 2 + 8. Let n(v) be the first derivative of -v**3/3 + 5*v**2 + 10*v + 1. List the prime factors of n(w).
2, 5
Let u(s) = -s**3 + 5*s**2 - 8*s - 3. Let m(w) = -4*w**3 + 19*w**2 - 33*w - 11. Suppose h + 18 = -h. Let d(j) = h*u(j) + 2*m(j). List the prime factors of d(6).
5
Let p be ((-8)/10)/((-36)/(-90)). Suppose c + 4*l + 3 = 0, 3*c = -l - 2*l - 27. Let w = p - c. What are the prime factors of w?
3
List the prime factors of (-1)/3 - 665/(-15).
2, 11
Suppose 5*v - 7 = l - 17, -4*v = -4*l + 8. Suppose l = -z + 6*z + 3*q - 240, 5*z + 4*q = 245. Let s = z - 31. What are the prime factors of s?
2, 7
Suppose 2*p - 100 = -0*p. List the prime factors of p.
2, 5
Let d be 1/2 + (-111)/(-2). Suppose -5*b = 2*v - 180, -4*v + 108 = 3*b - 6*v. Let r = d - b. List the prime factors of r.
2, 5
Suppose -h = -51 + 17. Suppose -h = -2*k - 0*k. What are the prime factors of k?
17
Let g be ((-2)/(-5))/((-12)/(-30)). Let a be -3 + 0 - g*-31. Let d = -11 + a. List the prime factors of d.
17
Let k(p) be the first derivative of -5*p**2/2 - 5*p + 13. Let q = 1 + -5. What are the prime factors of k(q)?
3, 5
Let u(y) = -y**2 + 31*y - 40. List the prime factors of u(24).
2
Suppose r - 123 = 145. What are the prime factors of r?
2, 67
Suppose -5*m = -0*m - 95. What are the prime factors of m?
19
Suppose -w + i = -11, 3*w - i + 13 = 4*w. Let p be (8/w)/((-2)/(-3)). Let r(b) = 7*b**3 - 2*b**2 + 1. What are the prime factors of r(p)?
2, 3
What are the prime factors of (0/(-9))/(0 - 1) - -60?
2, 3, 5
Suppose 3*x - t - 15 = 0, 3*x + 10 = 4*x - 2*t. Suppose -3 = -x*p + 5. What are the prime factors of p?
2
Let r be (-3 - -4 - 2)*-5. Suppose 2*t = -0*s + 3*s - 15, 5*s = r*t + 30. Let n = t - -5. What are the prime factors of n?
2
Suppose -2*s - a + 22 = 0, 4*s - 17 = a + 15. Let x(h) = 2*h - 5. What are the prime factors of x(s)?
13
Suppose -187 = -4*d - g, 2*g - 50 = 2*d - 156. Suppose -6 = 4*l - 18. Suppose l*m - d = -m. List the prime factors of m.
2, 3
Let i(o) = -o**2 - 6*o + 9. Let s be i(-7). Suppose -4*u + 72 = q, s*u = -0*u - q + 34. List the prime factors of u.
19
Let m be 6 - (-2 + 5 + -2). Let u(y) be the second derivative of y**4/12 - 2*y**3/3 + 3*y**2/2 + y. List the prime factors of u(m).
2
Suppose 19 = s - 8*d + 3*d, -155 = -5*s - 5*d. Suppose -s - 3 = -2*p. List the prime factors of p.
2
Let o(x) = x**3 + 8*x**2 - 3*x + 3. What are the prime factors of o(-7)?
73
Let r(y) = -y**3 - y**2 + 15*y - 4. What are the prime factors of r(-5)?
3, 7
Suppose -5*o = -42 - 33. List the prime factors of (12/10)/(2/o).
3
Suppose 0 = -k - 3*z + 102, -k - 5*z + 199 = k. What are the prime factors of k?
3, 29
List the prime factors of (1430/(-16))/(-5) + 4/32.
2, 3
Suppose -271 - 58 = -7*z. List the prime factors of z.
47
What are the prime factors of 1 + (-2 - -138) + 3?
2, 5, 7
What are the prime factors of 3/(-6) + 77/14?
5
Let f be (-6)/(-4)*12/18. Suppose -l + 4 = f. List the prime factors of l.
3
Let g(c) = -7*c**3 - 4*c**2 - 5*c + 2. What are the prime factors of g(-3)?
2, 5, 17
Let c(k) be the third derivative of k**6/120 - k**5/60 + k**4/24 - k**3/3 + 4*k**2. Let b be c(2). Suppose -t = b*t - 70. What are the prime factors of t?
2, 7
Let g(c) = 4*c - 4.